Dec 01 04:55:15.095 INFO testing rharel/rust-squid-downloader against master#8940af3cea4a9a9deabcaf843b2f8cad9a83fc61 for beta-1.31-5
Dec 01 04:55:15.097 INFO running `"docker" "create" "-v" "/mnt/big/crater/work/local/target-dirs/beta-1.31-5/worker-1/master#8940af3cea4a9a9deabcaf843b2f8cad9a83fc61:/target:rw,Z" "-v" "/mnt/big/crater/work/local/test-source/worker-1/beta-1.31-5/master#8940af3cea4a9a9deabcaf843b2f8cad9a83fc61:/source:ro,Z" "-v" "/mnt/big/crater/work/local/cargo-home:/cargo-home:ro,Z" "-v" "/mnt/big/crater/work/local/rustup-home:/rustup-home:ro,Z" "-e" "USER_ID=1000" "-e" "SOURCE_DIR=/source" "-e" "USER_ID=1000" "-e" "CMD=cargo +8940af3cea4a9a9deabcaf843b2f8cad9a83fc61-alt build --frozen" "-e" "CARGO_TARGET_DIR=/target" "-e" "CARGO_INCREMENTAL=0" "-e" "RUST_BACKTRACE=full" "-e" "RUSTFLAGS=--cap-lints=warn" "-e" "CARGO_HOME=/cargo-home" "-e" "RUSTUP_HOME=/rustup-home" "-m" "1536M" "--network" "none" "crater"`
Dec 01 04:55:15.583 INFO [stdout] ed2642a2b4911d82250513fbfc5242237eb34ad12886689f3240cc51d56e3533
Dec 01 04:55:15.591 INFO running `"docker" "start" "-a" "ed2642a2b4911d82250513fbfc5242237eb34ad12886689f3240cc51d56e3533"`
Dec 01 04:55:16.849 INFO [stderr] usermod: no changes
Dec 01 04:55:17.008 INFO [stderr]    Compiling openssl v0.9.12
Dec 01 04:55:17.008 INFO [stderr]    Compiling openssl-sys v0.9.12
Dec 01 04:55:17.008 INFO [stderr]    Compiling unicode-bidi v0.2.6
Dec 01 04:55:17.009 INFO [stderr]    Compiling num_cpus v1.4.0
Dec 01 04:55:17.009 INFO [stderr]    Compiling mime v0.2.4
Dec 01 04:55:17.016 INFO [stderr]    Compiling hyper v0.10.10
Dec 01 04:55:19.756 INFO [stderr]    Compiling idna v0.1.1
Dec 01 04:55:23.317 INFO [stderr]    Compiling url v1.4.0
Dec 01 04:55:27.986 INFO [stderr]    Compiling native-tls v0.1.2
Dec 01 04:55:34.899 INFO [stderr]    Compiling hyper-native-tls v0.2.2
Dec 01 04:55:35.793 INFO [stderr]    Compiling squid-downloader v0.1.0 (/source)
Dec 01 04:55:41.503 INFO [stderr]     Finished dev [unoptimized + debuginfo] target(s) in 24.62s
Dec 01 04:55:41.515 INFO [stderr] su: No module specific data is present
Dec 01 04:55:42.361 INFO running `"docker" "inspect" "ed2642a2b4911d82250513fbfc5242237eb34ad12886689f3240cc51d56e3533"`
Dec 01 04:55:42.610 INFO running `"docker" "rm" "-f" "ed2642a2b4911d82250513fbfc5242237eb34ad12886689f3240cc51d56e3533"`
Dec 01 04:55:42.965 INFO [stdout] ed2642a2b4911d82250513fbfc5242237eb34ad12886689f3240cc51d56e3533
Dec 01 04:55:42.967 INFO running `"docker" "create" "-v" "/mnt/big/crater/work/local/target-dirs/beta-1.31-5/worker-1/master#8940af3cea4a9a9deabcaf843b2f8cad9a83fc61:/target:rw,Z" "-v" "/mnt/big/crater/work/local/test-source/worker-1/beta-1.31-5/master#8940af3cea4a9a9deabcaf843b2f8cad9a83fc61:/source:ro,Z" "-v" "/mnt/big/crater/work/local/cargo-home:/cargo-home:ro,Z" "-v" "/mnt/big/crater/work/local/rustup-home:/rustup-home:ro,Z" "-e" "USER_ID=1000" "-e" "SOURCE_DIR=/source" "-e" "USER_ID=1000" "-e" "CMD=cargo +8940af3cea4a9a9deabcaf843b2f8cad9a83fc61-alt test --frozen --no-run" "-e" "CARGO_TARGET_DIR=/target" "-e" "CARGO_INCREMENTAL=0" "-e" "RUST_BACKTRACE=full" "-e" "RUSTFLAGS=--cap-lints=warn" "-e" "CARGO_HOME=/cargo-home" "-e" "RUSTUP_HOME=/rustup-home" "-m" "1536M" "--network" "none" "crater"`
Dec 01 04:55:43.437 INFO [stdout] 43b2a1e81bd0552f5e99533ffa01c4b5718e453e598c19c63bc1097e6e4f8e86
Dec 01 04:55:43.441 INFO running `"docker" "start" "-a" "43b2a1e81bd0552f5e99533ffa01c4b5718e453e598c19c63bc1097e6e4f8e86"`
Dec 01 04:55:44.547 INFO [stderr] usermod: no changes
Dec 01 04:55:44.719 INFO [stderr]    Compiling squid-downloader v0.1.0 (/source)
Dec 01 04:55:48.777 INFO [stderr]     Finished dev [unoptimized + debuginfo] target(s) in 4.20s
Dec 01 04:55:48.786 INFO [stderr] su: No module specific data is present
Dec 01 04:55:49.774 INFO running `"docker" "inspect" "43b2a1e81bd0552f5e99533ffa01c4b5718e453e598c19c63bc1097e6e4f8e86"`
Dec 01 04:55:50.161 INFO running `"docker" "rm" "-f" "43b2a1e81bd0552f5e99533ffa01c4b5718e453e598c19c63bc1097e6e4f8e86"`
Dec 01 04:55:50.531 INFO [stdout] 43b2a1e81bd0552f5e99533ffa01c4b5718e453e598c19c63bc1097e6e4f8e86
Dec 01 04:55:50.537 INFO running `"docker" "create" "-v" "/mnt/big/crater/work/local/target-dirs/beta-1.31-5/worker-1/master#8940af3cea4a9a9deabcaf843b2f8cad9a83fc61:/target:rw,Z" "-v" "/mnt/big/crater/work/local/test-source/worker-1/beta-1.31-5/master#8940af3cea4a9a9deabcaf843b2f8cad9a83fc61:/source:ro,Z" "-v" "/mnt/big/crater/work/local/cargo-home:/cargo-home:ro,Z" "-v" "/mnt/big/crater/work/local/rustup-home:/rustup-home:ro,Z" "-e" "USER_ID=1000" "-e" "SOURCE_DIR=/source" "-e" "USER_ID=1000" "-e" "CMD=cargo +8940af3cea4a9a9deabcaf843b2f8cad9a83fc61-alt test --frozen" "-e" "CARGO_TARGET_DIR=/target" "-e" "CARGO_INCREMENTAL=0" "-e" "RUST_BACKTRACE=full" "-e" "RUSTFLAGS=--cap-lints=warn" "-e" "CARGO_HOME=/cargo-home" "-e" "RUSTUP_HOME=/rustup-home" "-m" "1536M" "--network" "none" "crater"`
Dec 01 04:55:51.117 INFO [stdout] e699bb5b84eb27a5645cbf235249cbac3623f0652f969354929642494e45aeae
Dec 01 04:55:51.125 INFO running `"docker" "start" "-a" "e699bb5b84eb27a5645cbf235249cbac3623f0652f969354929642494e45aeae"`
Dec 01 04:55:52.387 INFO [stderr] usermod: no changes
Dec 01 04:55:52.523 INFO [stderr]     Finished dev [unoptimized + debuginfo] target(s) in 0.10s
Dec 01 04:55:52.543 INFO [stderr]      Running /target/debug/deps/squid-4e9115819beb0db5
Dec 01 04:55:52.544 INFO [stdout] 
Dec 01 04:55:52.544 INFO [stdout] running 3 tests
Dec 01 04:55:52.544 INFO [stdout] test download::tests::new ... ignored
Dec 01 04:55:52.635 INFO [stdout] test download::tests::new_with_invalid_target_url ... ok
Dec 01 04:55:52.695 INFO [stdout] test download::tests::new_with_invalid_output_directory ... FAILED
Dec 01 04:55:52.695 INFO [stderr] error: test failed, to rerun pass '--lib'
Dec 01 04:55:52.695 INFO [stdout] 
Dec 01 04:55:52.695 INFO [stdout] failures:
Dec 01 04:55:52.695 INFO [stdout] 
Dec 01 04:55:52.695 INFO [stdout] ---- download::tests::new_with_invalid_output_directory stdout ----
Dec 01 04:55:52.695 INFO [stdout] thread 'download::tests::new_with_invalid_output_directory' panicked at 'Expected an output-related error, got 'Err(Http(Io(Custom { kind: Other, error: StringError("failed to lookup address information: Temporary failure in name resolution") })))' instead.', src/download.rs:928:16
Dec 01 04:55:52.695 INFO [stdout] stack backtrace:
Dec 01 04:55:52.695 INFO [stdout]    0:     0x561a56e81c9f - std::sys::unix::backtrace::tracing::imp::unwind_backtrace::h3a8b83e1922cbdde
Dec 01 04:55:52.695 INFO [stdout]                                at libstd/sys/unix/backtrace/tracing/gcc_s.rs:49
Dec 01 04:55:52.695 INFO [stdout]    1:     0x561a56e8b447 - std::sys_common::backtrace::print::h00d3155a29b4020f
Dec 01 04:55:52.695 INFO [stdout]                                at libstd/sys_common/backtrace.rs:71
Dec 01 04:55:52.695 INFO [stdout]                                at libstd/sys_common/backtrace.rs:59
Dec 01 04:55:52.695 INFO [stdout]    2:     0x561a56e85f1f - std::panicking::default_hook::{{closure}}::hd7465c742e79e1bb
Dec 01 04:55:52.695 INFO [stdout]                                at libstd/panicking.rs:211
Dec 01 04:55:52.695 INFO [stdout]    3:     0x561a56e85c1e - std::panicking::default_hook::h9e3966f2aa2a6e12
Dec 01 04:55:52.695 INFO [stdout]                                at libstd/panicking.rs:221
Dec 01 04:55:52.695 INFO [stdout]    4:     0x561a56e865fe - std::panicking::rust_panic_with_hook::h587f091ae747d080
Dec 01 04:55:52.695 INFO [stdout]                                at libstd/panicking.rs:476
Dec 01 04:55:52.695 INFO [stdout]    5:     0x561a56e861a1 - std::panicking::continue_panic_fmt::hb3a4fdede87f43a8
Dec 01 04:55:52.695 INFO [stdout]                                at libstd/panicking.rs:390
Dec 01 04:55:52.695 INFO [stdout]    6:     0x561a56e860ee - std::panicking::begin_panic_fmt::h387afc7da9a10555
Dec 01 04:55:52.695 INFO [stdout]                                at libstd/panicking.rs:345
Dec 01 04:55:52.695 INFO [stdout]    7:     0x561a56d23669 - squid::download::tests::new_with_invalid_output_directory::hc9f5847b5f6452ee
Dec 01 04:55:52.695 INFO [stdout]                                at src/download.rs:928
Dec 01 04:55:52.695 INFO [stdout]    8:     0x561a56d234b9 - squid::download::tests::new_with_invalid_output_directory::{{closure}}::hede5aa13583638fb
Dec 01 04:55:52.695 INFO [stdout]                                at src/download.rs:917
Dec 01 04:55:52.695 INFO [stdout]    9:     0x561a56d2432d - core::ops::function::FnOnce::call_once::h9d0bbb82f03891a6
Dec 01 04:55:52.695 INFO [stdout]                                at libcore/ops/function.rs:238
Dec 01 04:55:52.695 INFO [stdout]   10:     0x561a56d3908e - <F as alloc::boxed::FnBox<A>>::call_box::hac903f91577a156c
Dec 01 04:55:52.695 INFO [stdout]                                at libtest/lib.rs:1468
Dec 01 04:55:52.695 INFO [stdout]                                at libcore/ops/function.rs:238
Dec 01 04:55:52.695 INFO [stdout]                                at liballoc/boxed.rs:672
Dec 01 04:55:52.695 INFO [stdout]   11:     0x561a56e963f9 - __rust_maybe_catch_panic
Dec 01 04:55:52.695 INFO [stdout]                                at libpanic_unwind/lib.rs:102
Dec 01 04:55:52.695 INFO [stdout]   12:     0x561a56d5ace2 - std::sys_common::backtrace::__rust_begin_short_backtrace::hb8f0d0309526c184
Dec 01 04:55:52.695 INFO [stdout]                                at libstd/panicking.rs:289
Dec 01 04:55:52.695 INFO [stdout]                                at libstd/panic.rs:392
Dec 01 04:55:52.695 INFO [stdout]                                at libtest/lib.rs:1423
Dec 01 04:55:52.696 INFO [stdout]                                at libstd/sys_common/backtrace.rs:136
Dec 01 04:55:52.696 INFO [stdout]   13:     0x561a56d5b794 - std::panicking::try::do_call::hc2f7c8b9a348d8db
Dec 01 04:55:52.696 INFO [stdout]                                at libstd/thread/mod.rs:409
Dec 01 04:55:52.696 INFO [stdout]                                at libstd/panic.rs:313
Dec 01 04:55:52.696 INFO [stdout]                                at libstd/panicking.rs:310
Dec 01 04:55:52.696 INFO [stdout]   14:     0x561a56e963f9 - __rust_maybe_catch_panic
Dec 01 04:55:52.696 INFO [stdout]                                at libpanic_unwind/lib.rs:102
Dec 01 04:55:52.696 INFO [stdout]   15:     0x561a56d489cc - <F as alloc::boxed::FnBox<A>>::call_box::h6bfded618e480b32
Dec 01 04:55:52.696 INFO [stdout]                                at libstd/panicking.rs:289
Dec 01 04:55:52.696 INFO [stdout]                                at libstd/panic.rs:392
Dec 01 04:55:52.696 INFO [stdout]                                at libstd/thread/mod.rs:408
Dec 01 04:55:52.696 INFO [stdout]                                at liballoc/boxed.rs:672
Dec 01 04:55:52.696 INFO [stdout]   16:     0x561a56e83b8d - std::sys_common::thread::start_thread::h4c28257d67cdf9cb
Dec 01 04:55:52.696 INFO [stdout]                                at liballoc/boxed.rs:682
Dec 01 04:55:52.696 INFO [stdout]                                at libstd/sys_common/thread.rs:24
Dec 01 04:55:52.696 INFO [stdout]   17:     0x561a56e77365 - std::sys::unix::thread::Thread::new::thread_start::hfecb2e7eff8fd34f
Dec 01 04:55:52.696 INFO [stdout]                                at libstd/sys/unix/thread.rs:90
Dec 01 04:55:52.696 INFO [stdout]   18:     0x7f2f68d556b9 - start_thread
Dec 01 04:55:52.696 INFO [stdout]   19:     0x7f2f6887541c - clone
Dec 01 04:55:52.696 INFO [stdout]   20:                0x0 - <unknown>
Dec 01 04:55:52.696 INFO [stdout] 
Dec 01 04:55:52.696 INFO [stdout] 
Dec 01 04:55:52.696 INFO [stdout] failures:
Dec 01 04:55:52.696 INFO [stdout]     download::tests::new_with_invalid_output_directory
Dec 01 04:55:52.696 INFO [stdout] 
Dec 01 04:55:52.696 INFO [stdout] test result: FAILED. 1 passed; 1 failed; 1 ignored; 0 measured; 0 filtered out
Dec 01 04:55:52.696 INFO [stdout] 
Dec 01 04:55:52.699 INFO [stderr] su: No module specific data is present
Dec 01 04:55:53.551 INFO running `"docker" "inspect" "e699bb5b84eb27a5645cbf235249cbac3623f0652f969354929642494e45aeae"`
Dec 01 04:55:53.966 INFO running `"docker" "rm" "-f" "e699bb5b84eb27a5645cbf235249cbac3623f0652f969354929642494e45aeae"`
Dec 01 04:55:54.399 INFO [stdout] e699bb5b84eb27a5645cbf235249cbac3623f0652f969354929642494e45aeae
